-- https://www.phpmyadmin.net/
--
-- Hôte : localhost:3306
-- Généré le : mar. 20 déc. 2022 à 14:17
-- Version du serveur : 5.7.33
-- Version de PHP : 8.0.10

START TRANSACTION;



--
-- Base de données : `m_julienne`
--

-- --------------------------------------------------------

--
-- Structure de la table `account_cancellation_category`
--

CREATE TABLE `account_cancellation_category` (
  `id` int(11) NOT NULL,
  `description` varchar(255) COLLATE utf8mb4_unicode_ci NOT NULL
) ENGINE=InnoDB DEFAULT CHARSET=utf8mb4 COLLATE=utf8mb4_unicode_ci;

-- --------------------------------------------------------

--
-- Structure de la table `account_cancellation_report`
--

CREATE TABLE `account_cancellation_report` (
  `id` int(11) NOT NULL,
  `category_id` int(11) NOT NULL,
  `cancelled_at` datetime NOT NULL COMMENT '(DC2Type:datetime_immutable)',
  `cause` longtext COLLATE utf8mb4_unicode_ci
) ENGINE=InnoDB DEFAULT CHARSET=utf8mb4 COLLATE=utf8mb4_unicode_ci;

-- --------------------------------------------------------

--
-- Structure de la table `alert`
--

CREATE TABLE `alert` (
  `id` int(11) NOT NULL,
  `users_id` int(11) DEFAULT NULL,
  `profil_id` int(11) DEFAULT NULL,
  `content` varchar(255) COLLATE utf8mb4_unicode_ci NOT NULL,
  `other_content` varchar(255) COLLATE utf8mb4_unicode_ci DEFAULT NULL,
  `created_at` datetime NOT NULL
) ENGINE=InnoDB DEFAULT CHARSET=utf8mb4 COLLATE=utf8mb4_unicode_ci;

-- --------------------------------------------------------

--
-- Structure de la table `annonces`
--

CREATE TABLE `annonces` (
  `id` int(11) NOT NULL,
  `users_id` int(11) NOT NULL,
  `regions_id` int(11) DEFAULT NULL,
  `city_id` int(11) DEFAULT NULL,
  `countries_id` int(11) NOT NULL,
  `districts_id` int(11) DEFAULT NULL,
  `category_id` int(11) NOT NULL,
  `title` varchar(255) COLLATE utf8mb4_unicode_ci NOT NULL,
  `slug` varchar(255) COLLATE utf8mb4_unicode_ci NOT NULL,
  `content` longtext COLLATE utf8mb4_unicode_ci NOT NULL,
  `created_at` datetime NOT NULL,
  `active` tinyint(1) NOT NULL,
  `secret_code` varchar(255) COLLATE utf8mb4_unicode_ci NOT NULL,
  `price` varchar(255) COLLATE utf8mb4_unicode_ci NOT NULL,
  `deal` tinyint(1) NOT NULL,
  `token` varchar(255) COLLATE utf8mb4_unicode_ci DEFAULT NULL
) ENGINE=InnoDB DEFAULT CHARSET=utf8mb4 COLLATE=utf8mb4_unicode_ci;

--
-- Déchargement des données de la table `annonces`
--

INSERT INTO `annonces` (`id`, `users_id`, `regions_id`, `city_id`, `countries_id`, `districts_id`, `category_id`, `title`, `slug`, `content`, `created_at`, `active`, `secret_code`, `price`, `deal`, `token`) VALUES
(1, 1, 7, 8, 4, NULL, 1, 'Mitsubishi pajero diesel', 'w70NcRlxnZ9S2myWIZLHu1OTSnfEp9Hb', 'Contact : 074.73.62.65/066572482 \r\nMitsubishi pajero diesel boîte automatique climatisé 110 mil km moteur impeccable a 4.900.000 f légèrement discutable. Véhicule vendus à l\'état avec un ( soucis du boitier sélecteur de vitesse )mais roule parfaitement\r\n4 900 000 FCFA  · LIBREVILLE', '2022-02-21 17:20:32', 1, 'w70NcRlxnZ9S2myWIZLHu1OTSnfEp9Hb', '4900000000', 0, NULL),
(2, 2, 7, 8, 4, NULL, 29, 'iPhone 5SE', 'M7GJLLCliAT8ZtyEsfxMMNkWd05CSbff', 'Nom du téléphone : iPhone 5SE \r\nCapacité : 32gb \r\nMise à jour : 15.3.1 \r\nÉtat : 10/10 ', '2022-02-21 17:52:32', 1, 'M7GJLLCliAT8ZtyEsfxMMNkWd05CSbff', '62000000', 0, NULL),
(3, 3, 7, 8, 4, NULL, 27, 'Ps4 pro 1 téra', '0xDDtRVVZB2ZzEZR6B32g9qrhq7IGZ3v', 'Ps4 pro 1 téra \r\nBien propre \r\nAvec 3 jeux', '2022-02-24 13:09:11', 1, '0xDDtRVVZB2ZzEZR6B32g9qrhq7IGZ3v', '240000000', 0, NULL),
(4, 4, 7, 8, 4, NULL, 20, 'Survêtement disponible', '8HPkt9aez6pTfX7GVPhXYq6ZMevRGAM3', 'Survêtement disponible ✅\r\n☎️074608199 appels &whatssap \r\n🚚livraison possible..\r\n🛍passe en inbox 📥', '2022-03-02 18:19:54', 1, '8HPkt9aez6pTfX7GVPhXYq6ZMevRGAM3', '1000000', 0, NULL),
(5, 6, 7, 8, 4, NULL, 14, 'Salon Français disponible', '8i6ypytamjhYUFTmqabz4IeDwsmK9gYx', 'Salon Français disponible au 062946909 pour plus d\'informations et de détails.', '2022-03-06 21:44:18', 1, '8i6ypytamjhYUFTmqabz4IeDwsmK9gYx', '100000000', 0, NULL),
(6, 7, 7, 8, 4, NULL, 29, 'Infinix note', 'LMYXsZCVUOb62VaPc5ODlRElOyRNnTN4', 'Infinix note 8 de 128go et 6go de ram aucun soucis avec pochette et chargeur d\'origine prix légèrement discutable', '2022-03-10 08:19:19', 1, 'LMYXsZCVUOb62VaPc5ODlRElOyRNnTN4', '110000000', 0, NULL),
(7, 8, 7, 8, 4, NULL, 38, '🚨Acheter ses propres outils', 'OVd32tqN5OJ3qQtdLtI4J0n4okhTVhD2', '🚨Acheter ses propres outils n\'a jamais été aussi facile pour usage Personnel, pour Entreprises, Ecoles ou Jeunes débrouillards \r\n\r\nRÉDUCTION 🚨 à 185,000F LA MACHINE\r\n\r\nÀ PARTIR DE 5 MACHINES 850,000F\r\n\r\n𝐍𝐄𝐔𝐕𝐄𝐒,𝐅𝐈𝐀𝐁𝐋𝐄 𝐄𝐓 𝐓𝐑È𝐒 𝐃𝐔𝐑𝐀𝐁𝐋𝐄 \r\n\r\nCaractéristiques : 52Cc /CG520 Essence /1,45KW-1,9HP / 165.5x11x11cm/4KG.\r\n\r\nAppels et WhatsApp 062313214 \r\ndébroussailleuse', '2022-03-11 16:26:01', 1, 'OVd32tqN5OJ3qQtdLtI4J0n4okhTVhD2', '850000000', 0, NULL),
(8, 9, 7, 8, 4, NULL, 11, 'Appartement à louer', '9nKUUPbzwbCOP8fUkIUmAQ8EitWrHtSj', 'Jolie appartement à louer entièrement splitté\r\n3 chambre avc placard\r\nSalon\r\nSalle a manger\r\nCuisine avec placard\r\n2 douche WC\r\nTerrasse grille de sécurité\r\nCompteur de courant personnel\r\nInstallation machine a laver\r\nEn bordure de route goudronnée\r\nDans barrière parking\r\nLavabos prix 300.000 caution loyer frais d\'agence visite 5000 fcfa', '2022-03-15 20:01:38', 1, '9nKUUPbzwbCOP8fUkIUmAQ8EitWrHtSj', '0', 1, NULL),
(9, 10, 7, 8, 4, NULL, 1, 'RANGE ROVER SPORT', 'EypcD42BaYnVkZhIVfh5kktB0FKKcqD3', 'RANGE ROVER SPORT FULL OPTIONS IMPECCABLE PRIX 23.000.000 FCFA À DÉBATTRE 074131897 ET 066359266\r\n23 000 000 FCFA', '2022-03-22 17:24:12', 1, 'EypcD42BaYnVkZhIVfh5kktB0FKKcqD3', '23000000000', 0, NULL),
(11, 12, 7, 8, 4, NULL, 4, 'Range Rover Evoque 2016', 'Udg9jRZlRVyGWLbti06z25XuzrjeRj87', 'Annee : 2016\r\nKilometrage : 48.000 Km\r\nDemarrage bouton : oui\r\nTransmission : Automatique\r\nEnergie : Essence\r\nLecteur Multimedia / Bluetooth / Main libre / Telephone : oui\r\nCamera de recul : oui\r\nCommandes au volant : oui\r\nInterieur : Cuir\r\nToit ouvrant : oui\r\nJantes sport : oui\r\nClimatisation : oui', '2022-03-24 11:15:20', 1, 'Udg9jRZlRVyGWLbti06z25XuzrjeRj87', '20000000000', 0, NULL),
(12, 13, NULL, 8, 4, NULL, 10, 'Maison de 3 chambres', 'cyoxtkqa', '🌋🌋🌋🌋🌋🌋🌋🌋🌋🌋🌋🌋🌋🌋🌋🌋\r\n  3 chambres et 2 douches, un WC visiteur \r\n  Chaque chambre à les placards, \r\n  Un salon, grande cuisine, salle à manger. \r\n  Terrasse avant et arrière, bungalow\r\n  Une buanderie, dépôt, garage fermé\r\n  Un loge gardien, une grande coure\r\n  Un sous bassement dans la coure \r\n🛑Superficie 900 mètre carré.\r\n☎️066569534  ou 074142602', '2022-03-28 16:27:17', 1, 'CYOXTKQA', '0', 1, NULL),
(13, 19, 7, 8, 4, 1, 10, 'Deux appartements à louer', 'dtjvwhnn', 'Deux appartements en finition\r\n17 $\r\nDEUX APPARTEMENTS EN FINITION À VENDRE\r\n2 CHAMBRES/ SÉJOUR/ CUISINE/ 2DWC \r\nLIEUX: BIKELE / SUPERFICIE: 500m2 / 17MILLIONS\r\n074639320 / 066901292 ☎️', '2022-04-06 22:42:50', 1, 'DTJVWHNN', '0', 1, NULL),
(14, 20, 7, 8, 4, 1, 11, 'APPARTEMENT À LOUER', 'xmyovcei', 'APPARTEMENT À LOUER 2 CHAMBRES \r\nLIEU: OKALA\r\nTEL: 066648821/077783282\r\n\r\nCONDITIONS D\'ENTRÉES \r\nLOYER:400.000FRCFA\r\nCAUTION:400.000FRCFA\r\nVISITE PAYANTE \r\nHONORAIRES D AGENCE \r\n\r\nSALON SPACIEUX \r\nUNE CUISINE AVEC PLACARDS CHAUFFE EAU INSTALLATION MACHINE À LAVER LAVOIR \r\n2 CHAMBRES AVEC PLACARDS \r\n2 DOUCHES TOILETTE MIROIR \r\n1 WC VISITEUR \r\nTERRASSE \r\nGARDIEN JOUR /NUIT\r\nTEL: 077783282\r\n066648821', '2022-04-08 16:50:27', 1, 'XMYOVCEI', '400000000', 0, NULL),
(15, 21, 7, 8, 4, 1, 14, 'beau salon', 'usqxpeqt', 'Les très beau salon bien fait En promotion au 062268823 ou 062394061', '2022-04-04 11:14:09', 1, 'USQXPEQT', '0', 1, NULL),
(16, 22, 7, 8, 4, 1, 11, 'Villa duplexe', 'pcjdvdzu', 'A Louer Villa duplexe de 2 chambres, 1douche wc , 1toilette visiteurs, 1 salon , 1 cuisine , 1 terrasse, 1 balcon, compteur d\'électricité individuel \r\nEntièrement splitté.\r\nLoyer mensuel : 375.000 frsCFA \r\n1 Mois de loyer\r\n1 Mois de caution\r\n1 Mois de frais d\'agence\r\nQuartier Okala derrière Mikolongo\r\nVisite payante \r\nContact : 062456590', '2022-04-03 16:58:56', 1, 'PCJDVDZU', '375000000', 0, NULL),
(17, 18, NULL, NULL, 1, NULL, 29, 'Samsung galaxy S7 (petite fissure)', 'J3OFsMBjfbD3BU4G2w2bTrZTD42ftNgM', 'Samsung galaxy S7 usa petite fissure \r\n32Go de mémoires \r\n4Go de ram \r\nNB: Toute personne intéressée\r\n☎️  699715110  678232252', '2022-09-04 10:00:39', 1, 'J3OFsMBjfbD3BU4G2w2bTrZTD42ftNgM', '55000000', 1, NULL),
(18, 19, 2, 2, 1, NULL, 29, 'Samsung Galaxy A8 2018', 'hPuq95qXDPZ5irbaXI7EmD0xjDItHyQc', 'Samsung Galaxy A8 2018🤩🤩\r\nCapacité ..........32giga⚡⚡\r\n🕳🕳Mémoire.......... . 4Giga de Ram \r\nVersion android 9✔✔\r\n🔋🔋Batterie................ 3000mAh \r\nEmpreinte digital derrière le téléphone \r\nCaméra.............. 16MPx📷📷\r\n📱📱Taille d\'écran...... 5,6Pouces\r\nFacture, garantie et service après-vente \r\nTéléphone d\'origine en provenance de la coree du sud 🇰🇷🇰🇷\r\n🏠🏠Boutique située à Douala akwa', '2022-07-09 13:50:52', 1, 'hPuq95qXDPZ5irbaXI7EmD0xjDItHyQc', '1000000', 1, NULL),
(19, 19, 2, 2, 1, NULL, 29, 'Samsung Galaxy S20+ 5G', 'VVjcroGd2FUmAGXQurfpR1TFaDK4yLRq', 'Samsung Galaxy S20+ 5G \r\n☎️☎️659283438 appel et WhatsApp \r\nTéléphone d\'origine en provenance de la Corée du sud 🇰🇷🇰🇷\r\nMémoire interne ........... 256Giga✔✔\r\n🕳🕳Stockage Ram  ............. 12Giga\r\nVersion android 12🤩🤩\r\nBatterie .............. 4500mAh🔋🔋\r\n📷📷Caméra .............. 64MPx\r\nEmpreinte digital sur l\'écran ✅✅\r\n📱📱Taille d\'écran 6,7 Pouces\r\nChargement sans fil 🔌🔌\r\nIl partage son énergie 👌👌\r\n🏠🏠Boutique située à Douala akwa derrière société camerounaise d\'équipement \r\n♻️Facture \r\n♻️Garantie \r\n♻️Service après-vente', '2022-09-09 12:44:38', 1, 'VVjcroGd2FUmAGXQurfpR1TFaDK4yLRq', '1000000', 1, NULL),
(20, 19, 2, 2, 1, NULL, 29, 'Samsung Galaxy XCover 5', 'PwOrjjykhkQj7KWtxGXwdKQThU14J439', 'Samsung Galaxy XCover 5\r\nTéléphone d\'origine en provenance de la coree du sud 🇰🇷🇰🇷\r\n      Ce téléphone résiste à l\'eau pendant plus de 30minutes👌🤩, il est vraiment très pratique ✅✅\r\n     ▶️ Version android : 11\r\n     ▶️Mémoire Ram    : 4Giga\r\n     ▶️Stockage interne: 64Giga\r\n🔋🔋Batterie béton 3000mAh\r\nSuperbe Caméra 16MPx 📷📷\r\n    🔅  Facture \r\n    🔅Garantie \r\n    🔅Service après-vente \r\n☎️☎️659283438 appel et WhatsApp \r\n🏠🏠Boutique située à Douala akwa derrière société camerounaise d\'équipement', '2022-09-06 14:17:33', 1, 'PwOrjjykhkQj7KWtxGXwdKQThU14J439', '95000000', 0, NULL),
(21, 19, 2, 2, 1, NULL, 29, 'Iphone SE', 'Q1HnwqbYmRrYpkR77TozLznHLWtOgP7o', 'Iphone SE 😻😻\r\n☎️☎️ 659283438 appel et WhatsApp \r\nCapacité ______128Giga⚡⚡\r\n🔋🔋Batterie _______88% \r\nEmpreinte digital ok ✔✔\r\nD\'origine, en provenance des USA 🤩\r\nPas de troc ✅✅\r\n🏠🏠Boutique située à Douala akwa \r\nFacture, garantie et service après-vente', '2022-09-06 16:16:44', 1, 'Q1HnwqbYmRrYpkR77TozLznHLWtOgP7o', '1000000', 1, NULL),
(22, 19, 2, 2, 1, 1, 29, 'LG Q7', 'YqJ8iGJOIwgggyKCeL5BbyNmfs22H2a5', 'LG Q7🤩🤩\r\n☎️☎️659283438 appel et WhatsApp \r\n⚡⚡Capacité ______32Giga\r\nMemoire ______ 3giga de Ram 🕳🕳\r\n🔋🔋Batterie ________3000mAh\r\n📷📷Caméra _________16MPx \r\nVersion android 9✔✔\r\n📱📱Taille d\'écran 5,5 Pouces\r\nTéléphone d\'origine en provenance de la Corée du sud 🇰🇷🇰🇷\r\n🏠🏠Boutique située à Douala akwa \r\nFacture, garantie et service après-vente', '2022-09-02 13:52:50', 1, 'YqJ8iGJOIwgggyKCeL5BbyNmfs22H2a5', '1000000', 1, NULL),
(23, 19, 2, 2, 1, NULL, 29, 'LG Q92 5G', 'VaCExSEs7w62E8OGvELq4bfdFlq4MwTc', 'LG Q92 5G 🤩🤩\r\n☎️☎️659283438 appel et WhatsApp \r\n🔋🔋Batterie _______4000mAh\r\nCaméra _______ 48MPx📷📷\r\n🕳🕳Capacité ______ 128Giga\r\nMémoire _______ 6Giga de Ram \r\nVersion android 11👌👌\r\nEmpreinte digital sur le bouton d\'allumage 📱\r\nTéléphone d\'origine en provenance de la Corée du sud 🇰🇷🇰🇷\r\nFacture, garantie et service après-vente \r\n🏠🏠Boutique située à Douala akwa', '2022-09-06 10:45:08', 1, 'VaCExSEs7w62E8OGvELq4bfdFlq4MwTc', '1000000', 1, NULL),
(24, 19, 2, 2, 1, NULL, 29, 'Samsung Galaxy S10', 'qzo3RSzbfGIjjUf3UtaV7d7kOYTtlMki', 'Samsung Galaxy S10👌👌\r\n☎️☎️659283438 appel et WhatsApp \r\n⚡⚡Capacité _______128Giga\r\nMémoire _______ 8Giga de Ram🕳🕳\r\n🔋🔋Batterie _________ 3400mAh\r\n📷📷Caméra _________ 16MPx \r\nVersion android 12🤩🤩\r\nEmpreinte digital sur l\'écran 👌👌\r\nChargement sans fil ✅✅\r\nSurf en LTE✔✔\r\nD\'origine, en provenance de la coree du sud 🇰🇷🇰🇷\r\nFacture, garantie et service après-vente \r\n🏠🏠Boutique située à Douala akwa', '2022-09-02 13:02:44', 1, 'qzo3RSzbfGIjjUf3UtaV7d7kOYTtlMki', '1000000', 1, NULL),
(25, 19, 2, 2, 1, NULL, 29, 'Samsung Galaxy S10+', 'EvFnijqKAequscUxunlZOI4qrswd6Kxp', 'Samsung Galaxy S10+🤩🤩\r\n☎️☎️659283438 appel et WhatsApp \r\n⚡⚡Stockage _______128Giga\r\nMémoire ________8Giga de Ram 🤩🤩\r\n🔋🔋Batterie __________4100mAh\r\nVersion android 12✔✔\r\nEmpreinte digital sur l\'écran 📱\r\nChargement sans fil 🔌🔌\r\n📱Taille d\'écran 6,4Pouces\r\nTéléphone d\'origine en provenance de la coree du sud 🇰🇷🇰🇷\r\nFacture, garantie et service après-vente \r\n🏠🏠Boutique située à Douala akwa derrière société camerounaise d\'équipement', '2022-09-05 14:10:52', 1, 'EvFnijqKAequscUxunlZOI4qrswd6Kxp', '1000000', 1, NULL),
(26, 19, 2, 2, 1, NULL, 29, 'LG WING', 'a68cmWCFiVwlU8PJa6n3cJYs0sS5n8SR', 'LG WING 🤩🤩\r\n☎️☎️659283438 appel et WhatsApp     \r\n⚡⚡Capacité ______128Giga\r\nMémoire ______8Giga de Ram🕳🕳\r\n🔋🔋Batterie _______4000mAh\r\n📷📷Caméra _______64MPx\r\nVersion android 10✔✔\r\nEmpreinte digital sur l\'écran 📱\r\n📱📱Taille d\'écran 6,8 Pouces \r\nTéléphone d\'origine en provenance de la Corée du sud 🇰🇷🇰🇷\r\nFacture, garantie et service après-vente \r\n🏠🏠Boutique située à Douala akwa', '2022-09-04 10:39:28', 1, 'a68cmWCFiVwlU8PJa6n3cJYs0sS5n8SR', '1000000', 1, NULL),
(27, 19, 2, 2, 1, NULL, 29, 'Samsung Galaxy Note 8', 'XM9rjsigOeeuGnuJdhAUkdT3tZ2QyH5i', 'Samsung Galaxy Note 8 🥰🥰\\r\\n☎️☎️659283438 appel et WhatsApp \\r\\n👉Capacité ______64Giga\\r\\nMémoire ______ 6Giga de Ram 🕳🕳\\r\\n🔋🔋Batterie _______ 3300mAh\\r\\n📷📷Caméra _______ 12MPx\\r\\nVersion android 9⚡⚡\\r\\nEmpreinte digital derrière le téléphone \\r\\nUne Sim ✔✔\\r\\nSurf en LTE le grand frère de la 4G👌\\r\\nTéléphone d\\\'origine en provenance de la Corée du sud 🇰🇷🇰🇷\\r\\nFacture, garantie et service après-vente \\r\\n🏠🏠Boutique située à Douala akwa', '2022-09-04 16:45:04', 1, 'XM9rjsigOeeuGnuJdhAUkdT3tZ2QyH5i', '1000000', 1, NULL),
(28, 20, 2, 2, 1, NULL, 10, 'MAISON A VENDRE A DOUALA 3ème QUARTIER BOKO', '7jDTC1oIrMcWuFQYXDqec7lFE9nvnV6n', '🏡 MAISON A VENDRE A DOUALA 3ème QUARTIER BOKO🏡\\r\\n👉 BELLE VILLA de 265m2 ESPACE CONSTRUIT 160m2\\r\\n👉 3 chbres ,2 dches , 1 grand Salon, une Salle à manger-cuisine , Parkings 3 voitures , une réserve d\\\'eau .\\r\\n💰Prix 23millions\\r\\n🏡Doc certificat de vente\\r\\n📲678481524 /698670360 WHATSAPP 678481524\\r\\n🏡HOUSE FOR SALE IN DOUALA 3rd DISTRICT BOKO🏡\\r\\n👉 BEAUTIFUL VILLA of 265m2 BUILT AREA 160m2\\r\\n👉 3 bedrooms, 2 dches, 1 large living room, a dining room-kitchen, 3 car parking lots, a water supply.\\r\\n💰Price 23million\\r\\n🏡Doc certificate of sale\\r\\n📲678481524 /698670360 WHATSAPP 678481524.', '2022-09-02 09:32:34', 1, '7jDTC1oIrMcWuFQYXDqec7lFE9nvnV6n', '23000000000', 1, NULL),
(29, 20, 2, 2, 1, NULL, 9, 'OPPORTUNITÉ DE TERRAIN À VENDRE PK 19', 'qy708RfOtg3b6rROo9hkGGqZTQIyhL3L', '🏡 OPPORTUNITÉ DE TERRAIN À VENDRE PK 19🏡\\r\\n👉plus précisément à l\\\'entrée antenne orange à 100f du goudron\\r\\n👉 Quartier résidentiel et bien tracer\\r\\nPrix 15 mil/m2 légèrement discutable\\r\\n👉 Titré mutation direct un seul signataire\\r\\n✔️Document disponible titre foncier\\r\\n✔️Certificat de propriété\\r\\n✔️Dossier technique disponible\\r\\nNB:Vente pas devant notaire\\r\\n📲678481524 /698670360 WHATSAPP 678481524 \\r\\n 🏡LAND OPPORTUNITY FOR SALE PK 19🏡\\r\\n👉more precisely at the orange antenna entrance at 100f from the tar\\r\\n👉 Residential area and well plotted\\r\\nPrice 15 mil/m2 slightly questionable\\r\\n👉 Title direct mutation only one signatory\\r\\n✔️Document available land title\\r\\n✔️Certificate of Ownership\\r\\n✔️Technical file available\\r\\nNB: Sale not before a notary\\r\\n📲678481524 /698670360 WHATSAPP 678481524', '2022-09-05 17:07:33', 1, 'qy708RfOtg3b6rROo9hkGGqZTQIyhL3L', '15000000', 1, NULL),
(30, 20, 2, 2, 1, NULL, 11, 'Appartement disponible à pk 12', 'wHu9usMl3g5QJg618h1g6zPUyDKiMFrI', '🏡SPÉCIAL LOGEMENT🏡\\r\\nAppartement disponible à pk 12 non loin de la route\\r\\n👉2 chambres avec placards\\r\\n👉2 douches\\r\\n👉Grand Salon\\r\\n👉Cuisine avec placards\\r\\n👉Parking.forage conteur individuel\\r\\n💰90mil 10mois\\r\\nRien que 2 personnes dans la barrière.\\r\\nNB :nous disposons de plusieurs autre appart, studio, villa, duplex à louer et en vente dans Douala.\\r\\n📲 678481524 /698670360 WHATSAPP 678481524 pour plus de détails et besoins\\r\\n🏡HOUSING SPECIAL🏡\\r\\nApartment available at pk 12 not far from the road\\r\\n👉2 bedrooms with fitted wardrobes\\r\\n👉2 showers\\r\\n👉Large Living Room\\r\\n👉Kitchen with cupboards\\r\\n👉Parking.forage individual storyteller\\r\\n💰90milles 10months\\r\\nOnly 2 people in the barrier.\\r\\nNB: we have several other apartments, studios, villas, duplexes for rent and for sale in Douala.\\r\\n📲 678481524 /698670360 WHATSAPP 678481524 for more details and needs.', '2022-09-07 11:12:15', 1, 'wHu9usMl3g5QJg618h1g6zPUyDKiMFrI', '90000000', 1, NULL),
(31, 24, 2, 2, 1, 1, 29, 'Samsung Galaxy Note 8', 'dbszkqaq', 'Samsung Galaxy Note 8 🥰🥰\r\n☎️☎️659283438 appel et WhatsApp \r\n👉Capacité ______64Giga\r\nMémoire ______ 6Giga de Ram 🕳🕳\r\n🔋🔋Batterie  _______ 3300mAh\r\n📷📷Caméra _______ 12MPx\r\nVersion android 9⚡⚡\r\nEmpreinte digital derrière le téléphone \r\nUne Sim ✔✔\r\nSurf en LTE le grand frère de la 4G👌\r\nTéléphone d\'origine en provenance de la Corée du sud 🇰🇷🇰🇷\r\nFacture, garantie et service après-vente \r\n🏠🏠Boutique située à Douala akwa', '2022-09-04 16:45:04', 1, 'DBSZKQAQ', '1000000', 1, NULL),
(32, 25, 2, 2, 1, 1, 10, 'MAISON A VENDRE A DOUALA 3ème QUARTIER BOKO', 'iobeipuk', '🏡MAISON A VENDRE A DOUALA 3ème QUARTIER BOKO🏡\r\n👉 BELLE VILLA de  265m2 ESPACE CONSTRUIT 160m2\r\n👉 3 chbres  ,2 dches , 1 grand Salon, une Salle à manger-cuisine , Parkings 3 voitures , une réserve  d\'eau .\r\n💰Prix 23millions\r\n🏡Doc certificat de vente\r\n📲678481524 /698670360 WHATSAPP 678481524\r\n🏡HOUSE FOR SALE IN DOUALA 3rd DISTRICT BOKO🏡\r\n👉 BEAUTIFUL VILLA of 265m2 BUILT AREA 160m2\r\n👉 3 bedrooms, 2 dches, 1 large living room, a dining room-kitchen, 3 car parking lots, a water supply.\r\n💰Price 23million\r\n🏡Doc certificate of sale\r\n📲678481524 /698670360 WHATSAPP 678481524', '2022-09-02 09:32:34', 1, 'IOBEIPUK', '23000000000', 0, NULL),
(33, 25, 2, 2, 1, 1, 9, 'OPPORTUNITÉ DE TERRAIN À VENDRE PK 19', 'ubpiyyya', '🏡OPPORTUNITÉ DE TERRAIN À VENDRE PK 19🏡\r\n👉plus précisément à l\'entrée antenne orange à 100f du goudron\r\n👉 Quartier résidentiel et bien tracer\r\nPrix 15 mil/m2   légèrement discutable\r\n👉 Titré mutation direct un seul signataire\r\n✔️Document disponible titre foncier\r\n✔️Certificat de propriété\r\n✔️Dossier technique disponible\r\nNB:Vente pas devant notaire\r\n📲678481524 /698670360 WHATSAPP 678481524 \r\n 🏡LAND OPPORTUNITY FOR SALE PK 19🏡\r\n👉more precisely at the orange antenna entrance at 100f from the tar\r\n👉 Residential area and well plotted\r\nPrice 15 mil/m2 slightly questionable\r\n👉 Title direct mutation only one signatory\r\n✔️Document available land title\r\n✔️Certificate of Ownership\r\n✔️Technical file available\r\nNB: Sale not before a notary\r\n📲678481524 /698670360 WHATSAPP 678481524', '2022-09-05 17:07:33', 1, 'UBPIYYYA', '15000000', 1, NULL),
(34, 25, 2, 2, 1, 1, 11, 'Appartement disponible à pk 12', 'lfiajcro', '🏡SPÉCIAL LOGEMENT🏡\r\nAppartement disponible à pk 12 non loin de la route\r\n👉2 chambres avec placards\r\n👉2 douches\r\n👉Grand Salon\r\n👉Cuisine avec placards\r\n👉Parking.forage conteur individuel\r\n💰90mil 10mois\r\nRien que 2 personnes dans la barrière.\r\nNB :nous disposons de plusieurs autre appart, studio, villa, duplex à louer et en vente dans Douala.\r\n📲 678481524 /698670360 WHATSAPP 678481524 pour plus de détails et besoins\r\n🏡HOUSING SPECIAL🏡\r\nApartment available at pk 12 not far from the road\r\n👉2 bedrooms with fitted wardrobes\r\n👉2 showers\r\n👉Large Living Room\r\n👉Kitchen with cupboards\r\n👉Parking.forage individual storyteller\r\n💰90milles 10months\r\nOnly 2 people in the barrier.\r\nNB: we have several other apartments, studios, villas, duplexes for rent and for sale in Douala.\r\n📲 678481524 /698670360 WHATSAPP 678481524 for more details and needs', '2022-09-07 11:12:15', 1, 'LFIAJCRO', '90000000', 0, NULL);

-- --------------------------------------------------------

--
-- Structure de la table `annonces_users`
--

CREATE TABLE `annonces_users` (
  `annonces_id` int(11) NOT NULL,
  `users_id` int(11) NOT NULL
) ENGINE=InnoDB DEFAULT CHARSET=utf8mb4 COLLATE=utf8mb4_unicode_ci;

-- --------------------------------------------------------

--
-- Structure de la table `auth`
--

CREATE TABLE `auth` (
  `id` int(11) NOT NULL,
  `session_id` varchar(255) COLLATE utf8mb4_unicode_ci NOT NULL
) ENGINE=InnoDB DEFAULT CHARSET=utf8mb4 COLLATE=utf8mb4_unicode_ci;

-- --------------------------------------------------------

--
-- Structure de la table `avatar`
--

CREATE TABLE `avatar` (
  `id` int(11) NOT NULL,
  `users_id` int(11) DEFAULT NULL,
  `name` varchar(255) COLLATE utf8mb4_unicode_ci NOT NULL
) ENGINE=InnoDB DEFAULT CHARSET=utf8mb4 COLLATE=utf8mb4_unicode_ci;

--
-- Déchargement des données de la table `avatar`
--

INSERT INTO `avatar` (`id`, `users_id`, `name`) VALUES
(1, 1, '8ee34d826adb95cae282affd76299d4e.jpeg'),
(2, 2, 'd688df52ed35c2210aee7c0d4126beed.jpeg'),
(3, 3, 'c87788754f61810182cedca0ba3aa571.jpeg'),
(4, 4, 'c12ce1bf3687e436440b95e015c6c0ce.png'),
(5, 5, '8643876de0531fcf4941f35bcc388957.jpeg'),
(6, 6, 'f8c23c65b286296860cae21d5feae219.jpeg'),
(7, 7, 'fcb0c26f63d18153110e66964c9364d5.jpeg'),
(8, 8, '2cefdcb18bdcf3bc50589b844cccc9ee.jpeg'),
(9, 9, '44ce01957f22c6579d02e6a37d35f5aa.jpeg'),
(10, 10, '0827f16b88c98d48d4f27a47ac119d81.jpeg'),
(11, 11, 'c39d8d169f8d81fda57cc36913d764f7.jpeg'),
(12, 12, '9d54279fd5b9261f2961c02c9af3122f.jpeg'),
(13, 13, '21e5e577f1a949b61ad7309f96ea7b53.jpeg'),
(14, 14, '35af664f6824d04d9efd1724ce418263.jpeg'),
(15, 15, 'b59e3305afdb5c0c207b6f8d73123051.jpeg'),
(16, 16, '08f5bd23962a94e3f4c13c8d77dd8cc3.jpeg'),
(17, 17, '940e30cc7482131f6b4c33a6d2096313.jpeg'),
(18, 18, 'zajeQSkJajgpKSkUKzkwMVvuAtEcQuFHpj.Jpeg'),
(19, 19, '9qbg78r7wd3dmrv96fjtydm99rdcs79837.jpg'),
(20, 20, 'tbrrmwdsb5xc3j3d2jzcufj9vbzp22hqbu.jpg'),
(21, 21, 'rtku58q9z865hhytfz4u4ywbberqkfmsmq.png'),
(22, 22, 'y4ysr5ve38jbv5n5p25f27w3r5kwruhnps.Jpeg'),
(23, 23, 'eb758hvcjus96xc2849v5sfysmcfebtcmz.Jpeg'),
(24, 24, 'm4pyxe47hdj8tp679a62gm5362t4g7wbcj.jpg'),
(25, 25, 'enpszqstm5q2yrnnm82nar5xb4z57ygdhu.jpg');

-- --------------------------------------------------------

--
-- Structure de la table `categories`
--

CREATE TABLE `categories` (
  `id` int(11) NOT NULL,
  `name` varchar(100) COLLATE utf8mb4_unicode_ci NOT NULL,
  `slug` varchar(255) COLLATE utf8mb4_unicode_ci NOT NULL,
  `color` varchar(7) COLLATE utf8mb4_unicode_ci DEFAULT NULL
) ENGINE=InnoDB DEFAULT CHARSET=utf8mb4 COLLATE=utf8mb4_unicode_ci;

--
-- Déchargement des données de la table `categories`
--

INSERT INTO `categories` (`id`, `name`, `slug`, `color`) VALUES
(1, 'Véhicule', 'Véhicule', NULL),
(2, 'Immobilier', 'Immobilier', NULL),
(3, 'Equipement maison', 'Equipement maison', NULL),
(4, 'Mode', 'Mode', NULL),
(5, 'Multimédia', 'Multimédia', NULL),
(6, 'Loisirs', 'Loisirs', NULL),
(7, 'Matériel professionnel', 'Matériel professionnel', NULL),
(8, 'Services', 'Services', NULL);

-- --------------------------------------------------------

--
-- Structure de la table `city`
--

CREATE TABLE `city` (
  `id` int(11) NOT NULL,
  `regions_id` int(11) DEFAULT NULL,
  `countries_id` int(11) NOT NULL,
  `name` varchar(255) COLLATE utf8mb4_unicode_ci NOT NULL
) ENGINE=InnoDB DEFAULT CHARSET=utf8mb4 COLLATE=utf8mb4_unicode_ci;

--
-- Déchargement des données de la table `city`
--

INSERT INTO `city` (`id`, `regions_id`, `countries_id`, `name`) VALUES
(1, 1, 1, 'Limbé'),
(2, 2, 1, 'Douala'),
(3, 3, 1, 'Yaoundé'),
(4, 4, 2, 'Brazzaville'),
(5, 4, 2, 'Pointe noire'),
(6, 5, 2, 'Djambala'),
(7, 6, 2, 'Imphondo'),
(8, 7, 4, 'Libreville'),
(9, 8, 4, 'Franceville'),
(10, 9, 4, 'Port-Gentil');

-- --------------------------------------------------------

--
-- Structure de la table `comments`
--

CREATE TABLE `comments` (
  `id` int(11) NOT NULL,
  `users_id` int(11) NOT NULL,
  `parent_id` int(11) DEFAULT NULL,
  `profil_id` int(11) DEFAULT NULL,
  `content` longtext COLLATE utf8mb4_unicode_ci NOT NULL,
  `active` tinyint(1) NOT NULL,
  `created_at` datetime NOT NULL,
  `rating` int(11) NOT NULL
) ENGINE=InnoDB DEFAULT CHARSET=utf8mb4 COLLATE=utf8mb4_unicode_ci;

-- --------------------------------------------------------

--
-- Structure de la table `countries`
--

CREATE TABLE `countries` (
  `id` int(11) NOT NULL,
  `indicatif` varchar(255) COLLATE utf8mb4_unicode_ci DEFAULT NULL,
  `name` varchar(255) COLLATE utf8mb4_unicode_ci NOT NULL
) ENGINE=InnoDB DEFAULT CHARSET=utf8mb4 COLLATE=utf8mb4_unicode_ci;

--
-- Déchargement des données de la table `countries`
--

INSERT INTO `countries` (`id`, `indicatif`, `name`) VALUES
(1, '+237', 'Cameroun'),
(2, '+242', 'Congo Brazzaville'),
(3, '+243', 'Congo (RDC)'),
(4, '+241', 'Gabon');

-- --------------------------------------------------------

--
-- Structure de la table `districts`
--

CREATE TABLE `districts` (
  `id` int(11) NOT NULL,
  `regions_id` int(11) NOT NULL,
  `countries_id` int(11) NOT NULL,
  `name` varchar(255) COLLATE utf8mb4_unicode_ci NOT NULL
) ENGINE=InnoDB DEFAULT CHARSET=utf8mb4 COLLATE=utf8mb4_unicode_ci;

--
-- Déchargement des données de la table `districts`
--

INSERT INTO `districts` (`id`, `regions_id`, `countries_id`, `name`) VALUES
(1, 1, 1, 'Ngeme'),
(2, 1, 1, 'Boana'),
(3, 1, 1, 'Boto Land'),
(4, 2, 1, 'New-Bell'),
(5, 2, 1, 'Bonaberi'),
(6, 2, 1, 'Ndokotti'),
(7, 2, 1, 'Ndogbong'),
(8, 2, 1, 'Bonamoussadi'),
(9, 2, 1, 'Bonadjo'),
(10, 2, 1, 'Cité des palmiers'),
(11, 2, 1, 'Bepanda'),
(12, 3, 1, 'Mokolo'),
(13, 3, 1, 'Mvog.Mbi'),
(14, 3, 1, 'Bastos'),
(15, 4, 2, 'Poto-Poto'),
(16, 4, 2, 'Moungali'),
(17, 4, 2, 'Bacongo'),
(18, 4, 2, 'Talangaï'),
(19, 4, 2, 'Milou'),
(20, 4, 2, 'Makélékélé'),
(21, 4, 2, 'Ouenzé'),
(22, 4, 2, 'Djiri'),
(23, 4, 2, 'Nkouikou'),
(24, 4, 2, 'Mongo Mpoukou'),
(25, 4, 2, 'Tié-Tié'),
(26, 4, 2, 'Loandjili'),
(27, 4, 2, 'Mvoumvou'),
(28, 4, 2, 'Lumumba'),
(29, 4, 2, 'Mpaka'),
(30, 7, 4, 'Petro Owendo'),
(31, 7, 4, 'Carrefour Léon Mba'),
(32, 8, 4, 'Potosse'),
(33, 9, 4, 'Bac aviation'),
(34, 9, 4, 'grand village'),
(35, 9, 4, 'Balise'),
(36, 9, 4, 'Carrefour Chic'),
(37, 7, 4, 'Zeng ayong'),
(38, 7, 4, 'Nombamkele'),
(39, 7, 4, 'Okala'),
(40, 7, 4, 'Sablière'),
(42, 8, 4, 'Corniche 1');

-- --------------------------------------------------------

--
-- Structure de la table `doctrine_migration_versions`
--

CREATE TABLE `doctrine_migration_versions` (
  `version` varchar(191) COLLATE utf8_unicode_ci NOT NULL,
  `executed_at` datetime DEFAULT NULL,
  `execution_time` int(11) DEFAULT NULL
) ENGINE=InnoDB DEFAULT CHARSET=utf8 COLLATE=utf8_unicode_ci;

--
-- Déchargement des données de la table `doctrine_migration_versions`
--

INSERT INTO `doctrine_migration_versions` (`version`, `executed_at`, `execution_time`) VALUES
('DoctrineMigrations\\Version20221217123635', '2022-12-17 12:36:44', 6584);

-- --------------------------------------------------------

--
-- Structure de la table `idea`
--

CREATE TABLE `idea` (
  `id` int(11) NOT NULL,
  `title` varchar(255) COLLATE utf8mb4_unicode_ci NOT NULL,
  `content` varchar(255) COLLATE utf8mb4_unicode_ci NOT NULL,
  `image` varchar(255) COLLATE utf8mb4_unicode_ci NOT NULL,
  `created_at` datetime NOT NULL COMMENT '(DC2Type:datetime_immutable)'
) ENGINE=InnoDB DEFAULT CHARSET=utf8mb4 COLLATE=utf8mb4_unicode_ci;

-- --------------------------------------------------------

--
-- Structure de la table `images`
--

CREATE TABLE `images` (
  `id` int(11) NOT NULL,
  `annonces_id` int(11) NOT NULL,
  `name` varchar(255) COLLATE utf8mb4_unicode_ci NOT NULL
) ENGINE=InnoDB DEFAULT CHARSET=utf8mb4 COLLATE=utf8mb4_unicode_ci;

--
-- Déchargement des données de la table `images`
--

INSERT INTO `images` (`id`, `annonces_id`, `name`) VALUES
(1, 1, '03ccb7798958efa07736fdd9d63f9557.jpeg'),
(2, 1, '65faf03a451818b221e90e9efa8ddeeb.jpeg'),
(3, 1, '20a0183e333553d5a854e60db8490c43.jpeg'),
(4, 1, '5658f65350bb67ff1efc2f69f375eff6.jpeg'),
(5, 2, 'c8a1795795da670311b29944fc07b281.jpeg'),
(6, 2, 'c76c7d0916e2b7da98e031696fb054a7.jpeg'),
(7, 2, '3606b6e19f0bf6b09a63c65c51c71f7b.jpeg'),
(8, 3, '172c76d2b7da29bbd60efeab378bf246.jpeg'),
(9, 3, '290e975b73a35e0303120e68adf256d8.jpeg'),
(10, 3, 'f03af6b2299262ffdb5e518bc7c56cc5.jpeg'),
(11, 3, '31458dc30f5bbe53670cb9f74e0c1c9f.jpeg'),
(12, 4, '910ec0b57efa994ce341b8800458b59c.jpeg'),
(13, 4, '868e26f95c1babe9df6e509a22f19638.jpeg'),
(14, 4, '9b8594cf04a942ba9de357dd789595f0.jpeg'),
(15, 4, '32c1023a8d99e96d30da52db4046f7a8.jpeg'),
(16, 4, 'bdd8a3781709dfc178a7177113e515e0.jpeg'),
(17, 5, '6116f098ede50c8d72715fa748cc9e8b.jpeg'),
(18, 5, '878bc8772f49823b40e7b6eb948d4d59.jpeg'),
(19, 5, 'f37bd8f3d33ea03c36cd014f10bed827.jpeg'),
(20, 6, '204481a9c886fcb5227407bbf4d202b7.jpeg'),
(21, 6, 'f0f5c384a8f672f33d3fb1a10adcb657.jpeg'),
(22, 6, '913b21c686ebd95800c107d99a22fc6c.jpeg'),
(23, 6, '6fa89d9172fccc74f9ccd74bae465923.jpeg'),
(24, 7, '0237637674c38f9ace853fdd3bca89a9.jpeg'),
(25, 7, 'ad1b13d02ccaf6221e5442ce7575c93e.jpeg'),
(26, 7, 'd447b9a2326e4143c601a4a69b14eed2.jpeg'),
(27, 7, '9259be75b9fa41473543194f75a9b613.jpeg'),
(28, 8, '17487b7470f7103adb3863054c373423.jpeg'),
(29, 8, '92382e930a36434634eec14579a99b1e.jpeg'),
(30, 8, '488ea7c65e4fc06114b6504bd144aad2.jpeg'),
(31, 8, '0b80ad332a6123f2cb6e7b9b416ecdde.jpeg'),
(32, 8, 'e8940bbc84991a9713edbd8bbc617a63.jpeg'),
(33, 9, '9430cb0a399f23bb6bb0d55bb8c5f179.jpeg'),
(34, 9, 'e2b2f85c5adfb1607d95e3d0a64a13db.jpeg'),
(35, 9, '4e64ce0697cdd3b1fc6bb09944a0766c.jpeg'),
(36, 9, '69ba2a2bbce1502ad0cbc3ed5d6ed00e.jpeg'),
(37, 9, 'abfe5d2f4556b725aeb101d45e4e9f1f.jpeg'),
(38, 9, '1819003a46689d8ad90ca87d2639715a.jpeg'),
(40, 11, 'aaa0f5eac37c0246f44eb97535b71376.jpeg'),
(41, 11, '2dd31639005efaa3e65960fe13143985.jpeg'),
(42, 11, '82147181ccbd70eef43746e810605395.jpeg'),
(43, 11, '00de7617616aa98aa28362f1249666ed.jpeg'),
(44, 12, '799e068588f3c98e7ab5097d7ac08bda.jpeg'),
(45, 12, '5d66f2905222a4936f1e8bca7b9cbbdf.jpeg'),
(46, 13, '2fea137cd143765abec7ea38ef0b77b1.jpeg'),
(47, 13, '47b0d710bbdb68fa61212937b22149f6.jpeg'),
(48, 13, 'a54f3af91cc27e1e02038e4faff887ab.jpeg'),
(49, 13, 'dcf6e774407d0643ab3864ce444a5c18.jpeg'),
(50, 13, '6f044c9e677cffe275f30fe7aa97da57.jpeg'),
(51, 13, 'bb7d0e924c921e87d2bc2c5c688cb547.jpeg'),
(52, 13, 'b3949e9cc5e74ae8ee418ec3ce5d0964.jpeg'),
(53, 14, 'ade666c80306ea2fb5a3666faf243792.jpeg'),
(54, 14, '68855e06a8d4f692b9cd5331de964546.jpeg'),
(55, 14, '71eadc0de85f7304982ccc0715083de7.jpeg'),
(56, 14, 'd1e617d6b81a0e31b4552655ef4500bc.jpeg'),
(57, 14, 'f5ed92bb79f646b6cd28d6ce4cc8d2ca.jpeg'),
(58, 15, '705370fa20597e1ce2bc8e05b494932b.jpeg'),
(59, 15, '7423076b709ddc065043bb37c4d575ff.jpeg'),
(60, 15, '61c3fb5474040f47e675153f0bd17fac.jpeg'),
(61, 15, 'ac495a5d7e12c128e2a5533bf08fcb64.jpeg'),
(62, 16, '0e61b1227ebc30d50139edf8f745b6e1.jpeg'),
(63, 16, '73b5fc6747fb4d16684df7ec248f4179.jpeg'),
(64, 16, '851a05184f2cabde1f1f0512bea7970c.jpeg'),
(65, 16, '60109d1d0730ec779b261085cbbb7096.jpeg'),
(66, 16, '1403e4a80525ecccfd8b3fdcc5c50e45.jpeg'),
(147, 17, 'ce6575ad03306b777b26e1336c2b42b8.jpeg'),
(148, 17, '833a3fe74d09c05e60859450e3573715.jpeg'),
(149, 17, 'da6b41024b81272ed3071f5ac59d634d.jpeg'),
(150, 17, 'bb1535d42025e7ace0d76174ff7d14e1.jpeg'),
(151, 17, '68391c8764d813a52823f10e50fb83c9.jpeg'),
(152, 18, '98fbe298e9388b3932cb91b11763046a.jpeg'),
(153, 18, 'f759f9f1b0ed92edeb14ea3eb832ee00.jpeg'),
(154, 18, '53cfd5991cf76573d5d6aee8c3c696cf.jpeg'),
(155, 19, '7775880c0d94a18c4cff2a8bf47484e9.jpeg'),
(156, 19, 'bd518b2a419fa412599f2dcaf733ec58.jpeg'),
(157, 19, '1a897c477c2067fa91c84fcbcad4b694.jpeg'),
(158, 19, 'd68d837ec55dc10e08d05597e98095e6.jpeg'),
(159, 20, '60d06a317451063ab380de495586883e.jpeg'),
(160, 20, '27c1e8f00a9716d8e0042f0c61060087.jpeg'),
(161, 20, 'e04934921acd9887d7416d1612f0c2c9.jpeg'),
(162, 20, 'f0627b02d6f210614973c260804f8d28.jpeg'),
(163, 21, '49da57562ad123d69184e8f3cd263b4e.jpeg'),
(164, 21, 'a5f021d9213a289531f054c988701803.jpeg'),
(165, 21, '0466d4e2ccb17f99adc5576a19632549.jpeg'),
(166, 21, 'b2c84fd11ee5b531dbd49b19a553239b.jpeg'),
(167, 21, 'fcd5a55c010d33768a09ecb4add0a4f5.jpeg'),
(168, 22, 'bf33a39ce9e8b8c8940db293341f86b8.jpeg'),
(169, 22, 'e3edd326f2e42dbece20f56c0234dc53.jpeg'),
(170, 22, '8cefbf06dae1a85d8c90d5a0879765db.jpeg'),
(171, 23, 'c6618540f81cac90ed1fb101584dc4d0.jpeg'),
(172, 23, 'aa6fed238af41462138a22bfa3abe559.jpeg'),
(173, 23, 'aaefe9586195215ba43b98ff5940f055.jpeg'),
(174, 23, 'd6c303ae413350fdfc5e022fcd49b3ca.jpeg'),
(175, 23, 'd41f6eaf71f2ab180f959ea0aba32723.jpeg'),
(176, 24, '6129daba8499df745eb974e29102bc63.jpeg'),
(177, 24, '80f038cda855e06ad5a32e2c4c13117d.jpeg'),
(178, 24, 'f0f69f03369fb88bd51620b1eebc1577.jpeg'),
(179, 24, '73114bb186b76da58a7207a216509ed4.jpeg'),
(180, 25, '9a9357ed350796f05f2b0daa3bc19af8.jpeg'),
(181, 25, 'b98264953a98c2992beee86474437914.jpeg'),
(182, 25, 'ff075d1effafd333d0b8d230dc0c366c.jpeg'),
(183, 25, 'c354a5f250fdaf547a4a5967560ed19e.jpeg'),
(184, 26, 'e528f3f84e94fd286eeb75acbc088ad9.jpeg'),
(185, 26, 'efdfc2a619046c21bc3d53f96aa7b6a4.jpeg'),
(186, 26, 'e2a47d7ea81485e58101ea7bf147dc7a.jpeg'),
(187, 26, '02ea613983e92f71af958196911621cf.jpeg'),
(188, 26, '8d4fe253e611d310516a1024fd11be2d.jpeg'),
(189, 26, 'e5fd9129117ffd52182a29f281ac6ce6.jpeg'),
(190, 27, 'b373845032b4e92b67468d96b1a3a1d1.jpeg'),
(191, 27, 'deeb78cf9d40c00baf0f99e193b6c1bf.jpeg'),
(192, 27, 'b0c63ba43ba1da1d55c44b1006538bcc.jpeg'),
(193, 28, '1955f1010b94c8c6a095ae5240ecd763.jpeg'),
(194, 28, 'b81ec176a94d53f86c31d001c9ce1d23.jpeg'),
(195, 28, '1ff06e9c1a6e4e1702333440cf0be1b0.jpeg'),
(196, 28, '5370b3cc10df27ab49a98e8aba037e84.jpeg'),
(197, 28, '2060806bc0dec0f96058f99edf863565.jpeg'),
(198, 29, '3d70536fb8f6ac9646b6362b915cdc9e.jpeg'),
(199, 29, '578883585b7fe92b5ead058e4c9c7fcb.jpeg'),
(200, 29, '4b8749d22967c99f238b89f7d96e0043.jpeg'),
(201, 29, 'ff5370010fcc0bff34f7d67a0a19b24f.jpeg'),
(202, 30, 'e729b74d52495b7c72ed9a3bdf0192e8.jpeg'),
(203, 30, '1c56c7e3d97e9f599e20e5dd832dd1ca.jpeg'),
(204, 30, '3c7cbcb48b6b48b426dff6a3487734ab.jpeg'),
(205, 30, 'b67ffe30c8eb97bae132034d9aca0e7e.jpeg'),
(206, 30, 'bd706d802d917b7a18fc732b50920e50.jpeg'),
(207, 30, 'ac081b9d87499749b923cb3b3b972ffc.jpeg'),
(208, 31, '0b80ad332a6123f2cb6e7b9b416ecdde.jpeg'),
(209, 32, 'e8940bbc84991a9713edbd8bbc617a63.jpeg'),
(210, 33, '9430cb0a399f23bb6bb0d55bb8c5f179.jpeg'),
(211, 34, 'e2b2f85c5adfb1607d95e3d0a64a13db.jpeg');

-- --------------------------------------------------------

--
-- Structure de la table `messages`
--

CREATE TABLE `messages` (
  `id` int(11) NOT NULL,
  `users_id` int(11) NOT NULL,
  `profil_id` int(11) DEFAULT NULL,
  `content` longtext COLLATE utf8mb4_unicode_ci NOT NULL,
  `created_at` datetime NOT NULL,
  `is_read` tinyint(1) NOT NULL
) ENGINE=InnoDB DEFAULT CHARSET=utf8mb4 COLLATE=utf8mb4_unicode_ci;

-- --------------------------------------------------------

--
-- Structure de la table `preuve_img`
--

CREATE TABLE `preuve_img` (
  `id` int(11) NOT NULL,
  `signals_id` int(11) DEFAULT NULL,
  `name` varchar(255) COLLATE utf8mb4_unicode_ci NOT NULL
) ENGINE=InnoDB DEFAULT CHARSET=utf8mb4 COLLATE=utf8mb4_unicode_ci;

-- --------------------------------------------------------

--
-- Structure de la table `publicity`
--

CREATE TABLE `publicity` (
  `id` int(11) NOT NULL,
  `category_id` int(11) NOT NULL,
  `title` varchar(255) COLLATE utf8mb4_unicode_ci NOT NULL,
  `image` varchar(255) COLLATE utf8mb4_unicode_ci NOT NULL,
  `active` tinyint(1) NOT NULL
) ENGINE=InnoDB DEFAULT CHARSET=utf8mb4 COLLATE=utf8mb4_unicode_ci;

-- --------------------------------------------------------

--
-- Structure de la table `recovery_code`
--

CREATE TABLE `recovery_code` (
  `id` int(11) NOT NULL,
  `users_id` int(11) DEFAULT NULL,
  `recovery_code` varchar(255) COLLATE utf8mb4_unicode_ci NOT NULL,
  `expire_at` datetime NOT NULL
) ENGINE=InnoDB DEFAULT CHARSET=utf8mb4 COLLATE=utf8mb4_unicode_ci;

-- --------------------------------------------------------

--
-- Structure de la table `regions`
--

CREATE TABLE `regions` (
  `id` int(11) NOT NULL,
  `countries_id` int(11) NOT NULL,
  `name` varchar(255) COLLATE utf8mb4_unicode_ci NOT NULL
) ENGINE=InnoDB DEFAULT CHARSET=utf8mb4 COLLATE=utf8mb4_unicode_ci;

--
-- Déchargement des données de la table `regions`
--

INSERT INTO `regions` (`id`, `countries_id`, `name`) VALUES
(1, 1, 'Sud-Ouest '),
(2, 1, 'Littoral'),
(3, 1, 'Centre'),
(4, 2, 'Pool'),
(5, 2, 'Les plateaux'),
(6, 2, 'Likouala'),
(7, 4, 'Estuaire'),
(8, 4, 'Haut-Ogooué'),
(9, 4, 'Ogooué-Maritime ');

-- --------------------------------------------------------

--
-- Structure de la table `reset_password_request`
--

CREATE TABLE `reset_password_request` (
  `id` int(11) NOT NULL,
  `user_id` int(11) DEFAULT NULL,
  `selector` varchar(20) COLLATE utf8mb4_unicode_ci NOT NULL,
  `hashed_token` varchar(100) COLLATE utf8mb4_unicode_ci NOT NULL,
  `requested_at` datetime NOT NULL COMMENT '(DC2Type:datetime_immutable)',
  `expires_at` datetime NOT NULL COMMENT '(DC2Type:datetime_immutable)'
) ENGINE=InnoDB DEFAULT CHARSET=utf8mb4 COLLATE=utf8mb4_unicode_ci;

-- --------------------------------------------------------

--
-- Structure de la table `save`
--

CREATE TABLE `save` (
  `id` int(11) NOT NULL,
  `annonce_id` int(11) DEFAULT NULL,
  `user_id` int(11) DEFAULT NULL,
  `created_at` datetime NOT NULL
) ENGINE=InnoDB DEFAULT CHARSET=utf8mb4 COLLATE=utf8mb4_unicode_ci;

-- --------------------------------------------------------

--
-- Structure de la table `signal_litige`
--

CREATE TABLE `signal_litige` (
  `id` int(11) NOT NULL,
  `users_id` int(11) NOT NULL,
  `profil_id` int(11) DEFAULT NULL,
  `content` longtext COLLATE utf8mb4_unicode_ci NOT NULL,
  `created_at` datetime NOT NULL,
  `type_of_arnaque` varchar(255) COLLATE utf8mb4_unicode_ci NOT NULL
) ENGINE=InnoDB DEFAULT CHARSET=utf8mb4 COLLATE=utf8mb4_unicode_ci;

-- --------------------------------------------------------

--
-- Structure de la table `statut`
--

CREATE TABLE `statut` (
  `id` int(11) NOT NULL,
  `type` tinyint(1) NOT NULL,
  `content` longtext COLLATE utf8mb4_unicode_ci,
  `color` varchar(255) COLLATE utf8mb4_unicode_ci DEFAULT NULL
) ENGINE=InnoDB DEFAULT CHARSET=utf8mb4 COLLATE=utf8mb4_unicode_ci;

--
-- Déchargement des données de la table `statut`
--

INSERT INTO `statut` (`id`, `type`, `content`, `color`) VALUES
(1, 0, 'Personne dont l\'intérêt est principalement axé sur la recherche d\'offre. Ne déposant des offres que lorsque l\'occasion se présente de mettre à disposition, des biens dont ils sont propriétaires (Téléphone portable, veste …), ou des compétences techniques sous forme de service, sans structure ou lieu fixe (Coiffeur(se) à domicile, mécanicien(ne) …).', NULL),
(2, 0, 'Personne(s) déposants des offres en lien direct avec leur activité professionnelle, et ayant une structure ou lieu pour l’exercer. \r\n(Vendeur(se) de vêtement, magasin d\'électronique, mais aussi hôtel, restaurant, garage …)\r\n\r\n\r\n\r\n', NULL);

-- --------------------------------------------------------

--
-- Structure de la table `sub_categories`
--

CREATE TABLE `sub_categories` (
  `id` int(11) NOT NULL,
  `category_id` int(11) NOT NULL,
  `name` varchar(255) COLLATE utf8mb4_unicode_ci NOT NULL,
  `slug` varchar(255) COLLATE utf8mb4_unicode_ci NOT NULL
) ENGINE=InnoDB DEFAULT CHARSET=utf8mb4 COLLATE=utf8mb4_unicode_ci;

--
-- Déchargement des données de la table `sub_categories`
--

INSERT INTO `sub_categories` (`id`, `category_id`, `name`, `slug`) VALUES
(1, 1, 'Voitures', 'Voitures'),
(2, 1, 'Motos', 'Motos'),
(3, 1, 'Utilitaires', 'Utilitaires'),
(4, 1, 'Camions', 'Camions'),
(5, 1, 'Nautisme', 'Nautisme'),
(6, 1, 'Equipement auto\r\n', 'Equipement auto\r\n'),
(7, 1, 'Equipement moto\r\n', 'Equipement moto\r\n'),
(8, 1, 'Equipement nautisme   \r\n', 'Equipement nautisme   \r\n'),
(9, 2, 'Terrain', 'Terrain'),
(10, 2, 'Vente', 'Vente'),
(11, 2, 'Location', 'Location'),
(12, 2, 'Colocation', 'Colocation'),
(13, 3, 'Electroménagé\r\n', 'Electroménagé\r\n'),
(14, 3, 'Meuble', 'Meuble'),
(15, 3, 'Vaisselle', 'Vaisselle'),
(16, 3, 'Décoration', 'Décoration'),
(17, 3, 'Bricolage', 'Bricolage'),
(18, 3, 'Jardinage', 'Jardinage'),
(19, 4, 'Chaussures', 'Chaussures'),
(20, 4, 'Vêtements', 'Vêtements'),
(21, 4, 'Accessoires & Bagagerie', 'Accessoires & Bagagerie'),
(22, 4, 'Montres & Bijoux', 'Montres & Bijoux'),
(23, 4, 'Equipement bébé', 'Equipement bébé'),
(24, 4, 'Vêtements bébé', 'Vêtements bébé'),
(25, 4, 'Luxe & Tendance', 'Luxe & Tendance'),
(26, 5, 'Informatique\r\n', 'Informatique\r\n'),
(27, 5, 'Console & Jeux vidéo', 'Console & Jeux vidéo'),
(28, 5, 'Image & Son', 'Image & Son'),
(29, 5, 'Téléphonie', 'Téléphonie'),
(30, 6, 'DVD & blu-ray - Film', 'DVD & blu-ray - Film'),
(31, 6, 'CD - Musique', 'CD - Musique'),
(32, 6, 'Livres', 'Livres'),
(33, 6, 'deplacement pietons (Vélos, trottinette ...)', 'deplacement pietons (Vélos, trottinette ...)'),
(34, 6, 'Sports & Hobbies', 'Sports & Hobbies'),
(35, 6, 'Instruments de musique', 'Instruments de musique'),
(36, 6, 'Collection', 'Collection'),
(37, 6, 'Jeux & Jouets', 'Jeux & Jouets'),
(38, 7, 'Matériel agricole', 'Matériel agricole'),
(39, 7, 'Transport - Manutention', 'Transport - Manutention'),
(40, 7, 'BTP - Chantier gros-oeuvre', 'BTP - Chantier gros-oeuvre'),
(41, 7, 'Restauration - Hôtellerie', 'Restauration - Hôtellerie'),
(42, 7, 'Fournitures de bureau\r\n', 'Fournitures de bureau\r\n'),
(43, 7, 'Commerces & Marchés', 'Commerces & Marchés'),
(44, 8, 'Cours particuliers\r\n', 'Cours particuliers\r\n'),
(45, 8, 'Covoiturage', 'Covoiturage');

-- --------------------------------------------------------

--
-- Structure de la table `users`
--

CREATE TABLE `users` (
  `id` int(11) NOT NULL,
  `countries_id` int(11) NOT NULL,
  `statut_id` int(11) DEFAULT NULL,
  `email` varchar(180) COLLATE utf8mb4_unicode_ci NOT NULL,
  `firstname` varchar(255) COLLATE utf8mb4_unicode_ci NOT NULL,
  `name` varchar(255) COLLATE utf8mb4_unicode_ci NOT NULL,
  `roles` json NOT NULL,
  `password` varchar(255) COLLATE utf8mb4_unicode_ci NOT NULL,
  `is_verified` tinyint(1) NOT NULL,
  `created_at` datetime NOT NULL,
  `active` tinyint(1) NOT NULL,
  `phone` int(11) NOT NULL,
  `slug` varchar(255) COLLATE utf8mb4_unicode_ci NOT NULL,
  `user_code_id` varchar(255) COLLATE utf8mb4_unicode_ci NOT NULL,
  `about` varchar(255) COLLATE utf8mb4_unicode_ci DEFAULT NULL,
  `token` varchar(255) COLLATE utf8mb4_unicode_ci DEFAULT NULL
) ENGINE=InnoDB DEFAULT CHARSET=utf8mb4 COLLATE=utf8mb4_unicode_ci;

--
-- Déchargement des données de la table `users`
--

INSERT INTO `users` (`id`, `countries_id`, `statut_id`, `email`, `firstname`, `name`, `roles`, `password`, `is_verified`, `created_at`, `active`, `phone`, `slug`, `user_code_id`, `about`, `token`) VALUES
(1, 4, 1, 'zama-fic@mamanjulienne.com', 'Zama', 'Cars', '[\"ROLE_USER\"]', '$argon2id$v=19$m=65536,t=4,p=1$ZHNmZjFiOExaQ1JJZWVVRA$060YxBryl+1DM3SMt+UTewDmckv891AE51fhVvAARjo', 1, '2022-01-10 19:31:10', 1, 66572482, '2dB0nEtpPwOIZ78j', '2dB0nEtpPwOIZ78j', NULL, NULL),
(2, 4, 1, 'sam-fic@mamanjulienne.com', 'Sam', 'Marlians', '[\"ROLE_USER\"]', '$argon2id$v=19$m=65536,t=4,p=1$ZHNmZjFiOExaQ1JJZWVVRA$060YxBryl+1DM3SMt+UTewDmckv891AE51fhVvAARjo', 1, '2022-01-10 19:31:10', 1, 62968549, 'SHgak1KuF4Gdb5aT', 'SHgak1KuF4Gdb5aT', NULL, NULL),
(3, 4, 1, 'david-fic@mamanjulienne.com', 'david', 'desouza', '[\"ROLE_USER\"]', '$argon2id$v=19$m=65536,t=4,p=1$ZHNmZjFiOExaQ1JJZWVVRA$060YxBryl+1DM3SMt+UTewDmckv891AE51fhVvAARjo', 0, '2022-02-17 09:00:54', 1, 62968549, '2FwPjXElg4mKRCKr', '2FwPjXElg4mKRCKr', NULL, NULL),
(4, 4, 1, 'adam-fic@mamanjulienne.com', 'Adam', 'd Oficielle', '[\"ROLE_USER\"]', '$argon2id$v=19$m=65536,t=4,p=1$ZHNmZjFiOExaQ1JJZWVVRA$060YxBryl+1DM3SMt+UTewDmckv891AE51fhVvAARjo', 0, '2022-02-17 12:08:43', 1, 74608199, 'o8OL7lwWYQZgDOZF', 'o8OL7lwWYQZgDOZF', NULL, NULL),
(5, 1, 1, 'Oliver.admin-support@mamanjulienne.com', 'Oliver', 'Admin', '[\"ROLE_ADMIN\"]', '$argon2id$v=19$m=65536,t=4,p=1$ZHNmZjFiOExaQ1JJZWVVRA$060YxBryl+1DM3SMt+UTewDmckv891AE51fhVvAARjo', 0, '2022-01-10 18:52:02', 1, 744287011, 'TGvmcAVcnKbKKeeB', 'TGvmcAVcnKbKKeeB', NULL, NULL),
(6, 1, 1, 'franck-fic@mamanjulienne.com', 'Franck', 'Mba', '[\"ROLE_USER\"]', '$argon2id$v=19$m=65536,t=4,p=1$ZHNmZjFiOExaQ1JJZWVVRA$060YxBryl+1DM3SMt+UTewDmckv891AE51fhVvAARjo', 1, '2022-02-26 17:59:02', 1, 62946909, 'a5AxQqjKFPXY3mcy', 'a5AxQqjKFPXY3mcy', NULL, NULL),
(7, 4, 1, 'rod-fic@mamanjulienne.com', 'Rod', 'Steph', '[\"ROLE_USER\"]', '$argon2id$v=19$m=65536,t=4,p=1$ZHNmZjFiOExaQ1JJZWVVRA$060YxBryl+1DM3SMt+UTewDmckv891AE51fhVvAARjo', 1, '2022-02-26 18:17:06', 1, 77627869, 'nGsKbye5u6bUfUuZ', 'nGsKbye5u6bUfUuZ', NULL, NULL),
(8, 4, 1, 'edeal-fic@mamanjulienne.com', 'E-deal', 'Gab', '[\"ROLE_USER\"]', '$argon2id$v=19$m=65536,t=4,p=1$ZHNmZjFiOExaQ1JJZWVVRA$060YxBryl+1DM3SMt+UTewDmckv891AE51fhVvAARjo', 1, '2022-02-26 18:24:30', 1, 62313214, '69na2RDvjGcdPVTk', '69na2RDvjGcdPVTk', NULL, NULL),
(9, 4, 1, 'keurtis-fic@mamanjulienne.com', 'keurtis yvan meyo', 'mba', '[\"ROLE_USER\"]', '$argon2id$v=19$m=65536,t=4,p=1$ZHNmZjFiOExaQ1JJZWVVRA$060YxBryl+1DM3SMt+UTewDmckv891AE51fhVvAARjo', 1, '2022-02-26 18:29:12', 1, 66762525, '9uqSaBUCSEN6zUJv', '9uqSaBUCSEN6zUJv', NULL, NULL),
(10, 4, 1, 'elise-fic@mamanjulienne.com', 'Elisé Essengui', 'Mengue', '[\"ROLE_USER\"]', '$argon2id$v=19$m=65536,t=4,p=1$ZHNmZjFiOExaQ1JJZWVVRA$060YxBryl+1DM3SMt+UTewDmckv891AE51fhVvAARjo', 1, '2022-02-26 18:34:29', 1, 74131897, 'sJj7uKxWuHy569hF', 'sJj7uKxWuHy569hF', NULL, NULL),
(11, 4, 1, 'jennifer.wanys@yahoo.fr', 'Jennifer', 'Wany\'s', '[\"ROLE_USER\"]', '$argon2id$v=19$m=65536,t=4,p=1$ZHNmZjFiOExaQ1JJZWVVRA$060YxBryl+1DM3SMt+UTewDmckv891AE51fhVvAARjo', 1, '2022-12-17 13:52:42', 1, 768598244, '9EJ9SmdKTeJRgbhV', '9EJ9SmdKTeJRgbhV', NULL, NULL),
(12, 4, 1, 'tony-fic@mamanjulienne.com', 'Tony', 'Dinero', '[\"ROLE_USER\"]', '$argon2id$v=19$m=65536,t=4,p=1$ZHNmZjFiOExaQ1JJZWVVRA$060YxBryl+1DM3SMt+UTewDmckv891AE51fhVvAARjo', 1, '2022-03-01 15:02:03', 1, 2643631, 'WsYm4hjn3xxwn9H2', 'WsYm4hjn3xxwn9H2', NULL, NULL),
(13, 4, 1, 'jika-fic@mamanjulienne.com', 'Jika', 'Kambo', '[\"ROLE_USER\"]', '$argon2id$v=19$m=65536,t=4,p=1$ZHNmZjFiOExaQ1JJZWVVRA$060YxBryl+1DM3SMt+UTewDmckv891AE51fhVvAARjo', 1, '2022-12-17 13:52:42', 1, 66569534, 'kZEWzxvCBMDeXbuH', 'kZEWzxvCBMDeXbuH', NULL, NULL),
(14, 4, 1, 'lesnkama.fic@mamanjulienne.com', 'LesNkama', 'DuGabon', '[\"ROLE_USER\"]', '$argon2id$v=19$m=65536,t=4,p=1$ZHNmZjFiOExaQ1JJZWVVRA$060YxBryl+1DM3SMt+UTewDmckv891AE51fhVvAARjo', 1, '2022-04-06 16:39:49', 1, 74639320, 'xupphNWaG6CEbanw', 'xupphNWaG6CEbanw', NULL, NULL),
(15, 4, 1, 'wilfried-fic@mamanjulienne.com', 'Wilfried', 'Nguema', '[\"ROLE_USER\"]', '$argon2id$v=19$m=65536,t=4,p=1$ZHNmZjFiOExaQ1JJZWVVRA$060YxBryl+1DM3SMt+UTewDmckv891AE51fhVvAARjo', 1, '2022-04-08 16:45:39', 1, 77783282, '3RBNQWkXtFPvYqPw', '3RBNQWkXtFPvYqPw', NULL, NULL),
(16, 4, 1, 'samuel-fic@mamanjulienne.com', 'Samuel', 'Gueloheu', '[\"ROLE_USER\"]', '$argon2id$v=19$m=65536,t=4,p=1$ZHNmZjFiOExaQ1JJZWVVRA$060YxBryl+1DM3SMt+UTewDmckv891AE51fhVvAARjo', 1, '2022-04-08 16:53:07', 1, 62268823, '3GESzZtb4rQ2vKN6', '3GESzZtb4rQ2vKN6', NULL, NULL),
(17, 4, 1, 'baye-fic@mamanjulienne.com', 'Baye Barhame', 'Cissé', '[\"ROLE_USER\"]', '$argon2id$v=19$m=65536,t=4,p=1$ZHNmZjFiOExaQ1JJZWVVRA$060YxBryl+1DM3SMt+UTewDmckv891AE51fhVvAARjo', 1, '2022-04-08 16:57:16', 1, 62456590, 'XbQWhhKakuvzsG2d', 'XbQWhhKakuvzsG2d', NULL, NULL),
(18, 1, 1, 'martin-fic@mamanjulienne.com', '', 'Ikong Ngos', '[\"ROLE_USER\"]', '$argon2id$v=19$m=65536,t=4,p=1$ZHNmZjFiOExaQ1JJZWVVRA$060YxBryl+1DM3SMt+UTewDmckv891AE51fhVvAARjo', 1, '2022-08-22 10:01:10', 1, 699715110, '2bnokr7k3wmo5geo', '2bnokr7k3wmo5geo', NULL, 'yjFQFjvbr8dgqWjZZU8fxRaF1JbjkVadeVRrMHFKynI'),
(19, 1, 2, 'chou-fic@mamanjulienne.com', 'Brendi', 'Chou', '[\"ROLE_USER\"]', '$argon2id$v=19$m=65536,t=4,p=1$ZHNmZjFiOExaQ1JJZWVVRA$060YxBryl+1DM3SMt+UTewDmckv891AE51fhVvAARjo', 1, '2022-09-01 16:57:16', 1, 659283438, 'P6zPdWy4PfFN850m', 'P6zPdWy4PfFN850m', NULL, NULL),
(20, 1, 2, 'maers-fic@mamanjulienne.com', 'Fredson', 'Maers', '[\"ROLE_USER\"]', '$argon2id$v=19$m=65536,t=4,p=1$ZHNmZjFiOExaQ1JJZWVVRA$060YxBryl+1DM3SMt+UTewDmckv891AE51fhVvAARjo', 1, '2022-08-16 16:57:16', 1, 678481524, '3VSz550k110BKlcv', '3VSz550k110BKlcv', NULL, NULL),
(21, 1, 1, 'Nelson-fic@mamanjulienne.com', 'Nelson Frantz', 'Mpokou', '[\"ROLE_USER\"]', '$argon2id$v=19$m=65536,t=4,p=1$ZHNmZjFiOExaQ1JJZWVVRA$060YxBryl+1DM3SMt+UTewDmckv891AE51fhVvAARjo', 1, '2022-04-08 16:57:16', 1, 694751439, '519FJ2wgFzT3Pmov', '519FJ2wgFzT3Pmov', NULL, NULL),
(22, 2, 1, 'Joslain-fic@mamanjulienne.com', 'Joslain', 'Pellot', '[\"ROLE_USER\"]', '$argon2id$v=19$m=65536,t=4,p=1$ZHNmZjFiOExaQ1JJZWVVRA$060YxBryl+1DM3SMt+UTewDmckv891AE51fhVvAARjo', 1, '2022-12-17 14:37:49', 1, 69445271, 'b0h1857lO0RVDir1', 'b0h1857lO0RVDir1', NULL, NULL),
(23, 2, 1, 'Damba-fic@mamanjulienne.com', 'Lyonel', 'Damba', '[\"ROLE_USER\"]', '$argon2id$v=19$m=65536,t=4,p=1$ZHNmZjFiOExaQ1JJZWVVRA$060YxBryl+1DM3SMt+UTewDmckv891AE51fhVvAARjo', 1, '2022-08-13 16:57:16', 1, 64775785, 'zSXwYACWJA2o55yE', 'zSXwYACWJA2o55yE', NULL, NULL),
(24, 4, 2, 'Mouelouango-fic@mamanjulienne.com', 'Lentz Curtis', 'Mouelouango', '[\"ROLE_USER\"]', '$argon2id$v=19$m=65536,t=4,p=1$ZHNmZjFiOExaQ1JJZWVVRA$060YxBryl+1DM3SMt+UTewDmckv891AE51fhVvAARjo', 1, '2022-08-20 22:07:16', 1, 65310806, 'vu1XB7xp8n2emp2B', 'vu1XB7xp8n2emp2B', NULL, NULL),
(25, 4, 2, 'Ngonga-fic@mamanjulienne.com', 'Lionel Alex', 'Mokombo Ngonga', '[\"ROLE_USER\"]', '$argon2id$v=19$m=65536,t=4,p=1$ZHNmZjFiOExaQ1JJZWVVRA$060YxBryl+1DM3SMt+UTewDmckv891AE51fhVvAARjo', 1, '0022-09-11 10:44:08', 1, 62784270, 'LI7c70zLTg3IvLkG', 'LI7c70zLTg3IvLkG', NULL, NULL),
(26, 2, 2, 'Concessionnaire_Propre-fic@mamanjulienne.com', 'Menak', 'Concessionnaire Propre', '[\"ROLE_USER\"]', '$argon2id$v=19$m=65536,t=4,p=1$ZHNmZjFiOExaQ1JJZWVVRA$060YxBryl+1DM3SMt+UTewDmckv891AE51fhVvAARjo', 1, '2022-08-24 06:07:44', 1, 62802743, '2ZBoX2y8P7492g58', '2ZBoX2y8P7492g58', NULL, NULL);

--
-- Index pour les tables déchargées
--

--
-- Index pour la table `account_cancellation_category`
--
ALTER TABLE `account_cancellation_category`
  ADD PRIMARY KEY (`id`);

--
-- Index pour la table `account_cancellation_report`
--
ALTER TABLE `account_cancellation_report`
  ADD PRIMARY KEY (`id`),
  ADD KEY `IDX_C6771D3512469DE2` (`category_id`);

--
-- Index pour la table `alert`
--
ALTER TABLE `alert`
  ADD PRIMARY KEY (`id`),
  ADD KEY `IDX_17FD46C167B3B43D` (`users_id`),
  ADD KEY `IDX_17FD46C1275ED078` (`profil_id`);

--
-- Index pour la table `annonces`
--
ALTER TABLE `annonces`
  ADD PRIMARY KEY (`id`),
  ADD KEY `IDX_CB988C6F67B3B43D` (`users_id`),
  ADD KEY `IDX_CB988C6FFCE83E5F` (`regions_id`),
  ADD KEY `IDX_CB988C6F8BAC62AF` (`city_id`),
  ADD KEY `IDX_CB988C6FAEBAE514` (`countries_id`),
  ADD KEY `IDX_CB988C6F59CA2297` (`districts_id`),
  ADD KEY `IDX_CB988C6F12469DE2` (`category_id`);
ALTER TABLE `annonces` ADD FULLTEXT KEY `IDX_CB988C6F2B36786BFEC530A9` (`title`,`content`);

--
-- Index pour la table `annonces_users`
--
ALTER TABLE `annonces_users`
  ADD PRIMARY KEY (`annonces_id`,`users_id`),
  ADD KEY `IDX_F60119834C2885D7` (`annonces_id`),
  ADD KEY `IDX_F601198367B3B43D` (`users_id`);

--
-- Index pour la table `auth`
--
ALTER TABLE `auth`
  ADD PRIMARY KEY (`id`);

--
-- Index pour la table `avatar`
--
ALTER TABLE `avatar`
  ADD PRIMARY KEY (`id`),
  ADD UNIQUE KEY `UNIQ_1677722F67B3B43D` (`users_id`);

--
-- Index pour la table `categories`
--
ALTER TABLE `categories`
  ADD PRIMARY KEY (`id`);

--
-- Index pour la table `city`
--
ALTER TABLE `city`
  ADD PRIMARY KEY (`id`),
  ADD KEY `IDX_2D5B0234FCE83E5F` (`regions_id`),
  ADD KEY `IDX_2D5B0234AEBAE514` (`countries_id`);

--
-- Index pour la table `comments`
--
ALTER TABLE `comments`
  ADD PRIMARY KEY (`id`),
  ADD KEY `IDX_5F9E962A67B3B43D` (`users_id`),
  ADD KEY `IDX_5F9E962A727ACA70` (`parent_id`),
  ADD KEY `IDX_5F9E962A275ED078` (`profil_id`);

--
-- Index pour la table `countries`
--
ALTER TABLE `countries`
  ADD PRIMARY KEY (`id`);

--
-- Index pour la table `districts`
--
ALTER TABLE `districts`
  ADD PRIMARY KEY (`id`),
  ADD KEY `IDX_68E318DCFCE83E5F` (`regions_id`),
  ADD KEY `IDX_68E318DCAEBAE514` (`countries_id`);

--
-- Index pour la table `doctrine_migration_versions`
--
ALTER TABLE `doctrine_migration_versions`
  ADD PRIMARY KEY (`version`);

--
-- Index pour la table `idea`
--
ALTER TABLE `idea`
  ADD PRIMARY KEY (`id`);

--
-- Index pour la table `images`
--
ALTER TABLE `images`
  ADD PRIMARY KEY (`id`),
  ADD KEY `IDX_E01FBE6A4C2885D7` (`annonces_id`);

--
-- Index pour la table `messages`
--
ALTER TABLE `messages`
  ADD PRIMARY KEY (`id`),
  ADD KEY `IDX_DB021E9667B3B43D` (`users_id`),
  ADD KEY `IDX_DB021E96275ED078` (`profil_id`);

--
-- Index pour la table `preuve_img`
--
ALTER TABLE `preuve_img`
  ADD PRIMARY KEY (`id`),
  ADD KEY `IDX_B6894F457073AAEB` (`signals_id`);

--
-- Index pour la table `publicity`
--
ALTER TABLE `publicity`
  ADD PRIMARY KEY (`id`),
  ADD KEY `IDX_938127612469DE2` (`category_id`);

--
-- Index pour la table `recovery_code`
--
ALTER TABLE `recovery_code`
  ADD PRIMARY KEY (`id`),
  ADD UNIQUE KEY `UNIQ_2C8D058467B3B43D` (`users_id`);

--
-- Index pour la table `regions`
--
ALTER TABLE `regions`
  ADD PRIMARY KEY (`id`),
  ADD KEY `IDX_A26779F3AEBAE514` (`countries_id`);

--
-- Index pour la table `reset_password_request`
--
ALTER TABLE `reset_password_request`
  ADD PRIMARY KEY (`id`),
  ADD KEY `IDX_7CE748AA76ED395` (`user_id`);

--
-- Index pour la table `save`
--
ALTER TABLE `save`
  ADD PRIMARY KEY (`id`),
  ADD KEY `IDX_55663ADE8805AB2F` (`annonce_id`),
  ADD KEY `IDX_55663ADEA76ED395` (`user_id`);

--
-- Index pour la table `signal_litige`
--
ALTER TABLE `signal_litige`
  ADD PRIMARY KEY (`id`),
  ADD KEY `IDX_4D9A7BAA67B3B43D` (`users_id`),
  ADD KEY `IDX_4D9A7BAA275ED078` (`profil_id`);

--
-- Index pour la table `statut`
--
ALTER TABLE `statut`
  ADD PRIMARY KEY (`id`);

--
-- Index pour la table `sub_categories`
--
ALTER TABLE `sub_categories`
  ADD PRIMARY KEY (`id`),
  ADD KEY `IDX_1638D5A512469DE2` (`category_id`);

--
-- Index pour la table `users`
--
ALTER TABLE `users`
  ADD PRIMARY KEY (`id`),
  ADD UNIQUE KEY `UNIQ_1483A5E9E7927C74` (`email`),
  ADD KEY `IDX_1483A5E9AEBAE514` (`countries_id`),
  ADD KEY `UNIQ_1483A5E9F6203804` (`statut_id`) USING BTREE;

--
-- AUTO_INCREMENT pour les tables déchargées
--

--
-- AUTO_INCREMENT pour la table `account_cancellation_report`
--
ALTER TABLE `account_cancellation_report`
  MODIFY `id` int(11) NOT NULL AUTO_INCREMENT;

--
-- AUTO_INCREMENT pour la table `alert`
--
ALTER TABLE `alert`
  MODIFY `id` int(11) NOT NULL AUTO_INCREMENT;

--
-- AUTO_INCREMENT pour la table `annonces`
--
ALTER TABLE `annonces`
  MODIFY `id` int(11) NOT NULL AUTO_INCREMENT, AUTO_INCREMENT=35;

--
-- AUTO_INCREMENT pour la table `auth`
--
ALTER TABLE `auth`
  MODIFY `id` int(11) NOT NULL AUTO_INCREMENT;

--
-- AUTO_INCREMENT pour la table `avatar`
--
ALTER TABLE `avatar`
  MODIFY `id` int(11) NOT NULL AUTO_INCREMENT, AUTO_INCREMENT=26;

--
-- AUTO_INCREMENT pour la table `categories`
--
ALTER TABLE `categories`
  MODIFY `id` int(11) NOT NULL AUTO_INCREMENT, AUTO_INCREMENT=9;

--
-- AUTO_INCREMENT pour la table `city`
--
ALTER TABLE `city`
  MODIFY `id` int(11) NOT NULL AUTO_INCREMENT, AUTO_INCREMENT=11;

--
-- AUTO_INCREMENT pour la table `comments`
--
ALTER TABLE `comments`
  MODIFY `id` int(11) NOT NULL AUTO_INCREMENT;

--
-- AUTO_INCREMENT pour la table `countries`
--
ALTER TABLE `countries`
  MODIFY `id` int(11) NOT NULL AUTO_INCREMENT, AUTO_INCREMENT=5;

--
-- AUTO_INCREMENT pour la table `districts`
--
ALTER TABLE `districts`
  MODIFY `id` int(11) NOT NULL AUTO_INCREMENT, AUTO_INCREMENT=43;

--
-- AUTO_INCREMENT pour la table `idea`
--
ALTER TABLE `idea`
  MODIFY `id` int(11) NOT NULL AUTO_INCREMENT;

--
-- AUTO_INCREMENT pour la table `images`
--
ALTER TABLE `images`
  MODIFY `id` int(11) NOT NULL AUTO_INCREMENT, AUTO_INCREMENT=212;

--
-- AUTO_INCREMENT pour la table `messages`
--
ALTER TABLE `messages`
  MODIFY `id` int(11) NOT NULL AUTO_INCREMENT;

--
-- AUTO_INCREMENT pour la table `preuve_img`
--
ALTER TABLE `preuve_img`
  MODIFY `id` int(11) NOT NULL AUTO_INCREMENT;

--
-- AUTO_INCREMENT pour la table `publicity`
--
ALTER TABLE `publicity`
  MODIFY `id` int(11) NOT NULL AUTO_INCREMENT;

--
-- AUTO_INCREMENT pour la table `recovery_code`
--
ALTER TABLE `recovery_code`
  MODIFY `id` int(11) NOT NULL AUTO_INCREMENT;

--
-- AUTO_INCREMENT pour la table `regions`
--
ALTER TABLE `regions`
  MODIFY `id` int(11) NOT NULL AUTO_INCREMENT, AUTO_INCREMENT=10;

--
-- AUTO_INCREMENT pour la table `reset_password_request`
--
ALTER TABLE `reset_password_request`
  MODIFY `id` int(11) NOT NULL AUTO_INCREMENT;

--
-- AUTO_INCREMENT pour la table `save`
--
ALTER TABLE `save`
  MODIFY `id` int(11) NOT NULL AUTO_INCREMENT;

--
-- AUTO_INCREMENT pour la table `signal_litige`
--
ALTER TABLE `signal_litige`
  MODIFY `id` int(11) NOT NULL AUTO_INCREMENT;

--
-- AUTO_INCREMENT pour la table `statut`
--
ALTER TABLE `statut`
  MODIFY `id` int(11) NOT NULL AUTO_INCREMENT, AUTO_INCREMENT=3;

--
-- AUTO_INCREMENT pour la table `sub_categories`
--
ALTER TABLE `sub_categories`
  MODIFY `id` int(11) NOT NULL AUTO_INCREMENT, AUTO_INCREMENT=46;

--
-- AUTO_INCREMENT pour la table `users`
--
ALTER TABLE `users`
  MODIFY `id` int(11) NOT NULL AUTO_INCREMENT, AUTO_INCREMENT=27;

--
-- Contraintes pour les tables déchargées
--

--
-- Contraintes pour la table `account_cancellation_report`
--
ALTER TABLE `account_cancellation_report`
  ADD CONSTRAINT `FK_C6771D3512469DE2` FOREIGN KEY (`category_id`) REFERENCES `account_cancellation_category` (`id`);

--
-- Contraintes pour la table `alert`
--
ALTER TABLE `alert`
  ADD CONSTRAINT `FK_17FD46C1275ED078` FOREIGN KEY (`profil_id`) REFERENCES `users` (`id`),
  ADD CONSTRAINT `FK_17FD46C167B3B43D` FOREIGN KEY (`users_id`) REFERENCES `users` (`id`);

--
-- Contraintes pour la table `annonces`
--
ALTER TABLE `annonces`
  ADD CONSTRAINT `FK_CB988C6F12469DE2` FOREIGN KEY (`category_id`) REFERENCES `sub_categories` (`id`),
  ADD CONSTRAINT `FK_CB988C6F59CA2297` FOREIGN KEY (`districts_id`) REFERENCES `districts` (`id`),
  ADD CONSTRAINT `FK_CB988C6F67B3B43D` FOREIGN KEY (`users_id`) REFERENCES `users` (`id`),
  ADD CONSTRAINT `FK_CB988C6F8BAC62AF` FOREIGN KEY (`city_id`) REFERENCES `city` (`id`),
  ADD CONSTRAINT `FK_CB988C6FAEBAE514` FOREIGN KEY (`countries_id`) REFERENCES `countries` (`id`) ON DELETE CASCADE,
  ADD CONSTRAINT `FK_CB988C6FFCE83E5F` FOREIGN KEY (`regions_id`) REFERENCES `regions` (`id`);

--
-- Contraintes pour la table `annonces_users`
--
ALTER TABLE `annonces_users`
  ADD CONSTRAINT `FK_F60119834C2885D7` FOREIGN KEY (`annonces_id`) REFERENCES `annonces` (`id`) ON DELETE CASCADE,
  ADD CONSTRAINT `FK_F601198367B3B43D` FOREIGN KEY (`users_id`) REFERENCES `users` (`id`) ON DELETE CASCADE;

--
-- Contraintes pour la table `avatar`
--
ALTER TABLE `avatar`
  ADD CONSTRAINT `FK_1677722F67B3B43D` FOREIGN KEY (`users_id`) REFERENCES `users` (`id`);

--
-- Contraintes pour la table `city`
--
ALTER TABLE `city`
  ADD CONSTRAINT `FK_2D5B0234AEBAE514` FOREIGN KEY (`countries_id`) REFERENCES `countries` (`id`) ON DELETE CASCADE,
  ADD CONSTRAINT `FK_2D5B0234FCE83E5F` FOREIGN KEY (`regions_id`) REFERENCES `regions` (`id`);

--
-- Contraintes pour la table `comments`
--
ALTER TABLE `comments`
  ADD CONSTRAINT `FK_5F9E962A275ED078` FOREIGN KEY (`profil_id`) REFERENCES `users` (`id`),
  ADD CONSTRAINT `FK_5F9E962A67B3B43D` FOREIGN KEY (`users_id`) REFERENCES `users` (`id`),
  ADD CONSTRAINT `FK_5F9E962A727ACA70` FOREIGN KEY (`parent_id`) REFERENCES `comments` (`id`);

--
-- Contraintes pour la table `districts`
--
ALTER TABLE `districts`
  ADD CONSTRAINT `FK_68E318DCAEBAE514` FOREIGN KEY (`countries_id`) REFERENCES `countries` (`id`) ON DELETE CASCADE,
  ADD CONSTRAINT `FK_68E318DCFCE83E5F` FOREIGN KEY (`regions_id`) REFERENCES `regions` (`id`);

--
-- Contraintes pour la table `images`
--
ALTER TABLE `images`
  ADD CONSTRAINT `FK_E01FBE6A4C2885D7` FOREIGN KEY (`annonces_id`) REFERENCES `annonces` (`id`);

--
-- Contraintes pour la table `messages`
--
ALTER TABLE `messages`
  ADD CONSTRAINT `FK_DB021E96275ED078` FOREIGN KEY (`profil_id`) REFERENCES `users` (`id`),
  ADD CONSTRAINT `FK_DB021E9667B3B43D` FOREIGN KEY (`users_id`) REFERENCES `users` (`id`);

--
-- Contraintes pour la table `preuve_img`
--
ALTER TABLE `preuve_img`
  ADD CONSTRAINT `FK_B6894F457073AAEB` FOREIGN KEY (`signals_id`) REFERENCES `signal_litige` (`id`);

--
-- Contraintes pour la table `publicity`
--
ALTER TABLE `publicity`
  ADD CONSTRAINT `FK_938127612469DE2` FOREIGN KEY (`category_id`) REFERENCES `categories` (`id`);

--
-- Contraintes pour la table `recovery_code`
--
ALTER TABLE `recovery_code`
  ADD CONSTRAINT `FK_2C8D058467B3B43D` FOREIGN KEY (`users_id`) REFERENCES `users` (`id`);

--
-- Contraintes pour la table `regions`
--
ALTER TABLE `regions`
  ADD CONSTRAINT `FK_A26779F3AEBAE514` FOREIGN KEY (`countries_id`) REFERENCES `countries` (`id`) ON DELETE CASCADE;

--
-- Contraintes pour la table `reset_password_request`
--
ALTER TABLE `reset_password_request`
  ADD CONSTRAINT `FK_7CE748AA76ED395` FOREIGN KEY (`user_id`) REFERENCES `users` (`id`);

--
-- Contraintes pour la table `save`
--
ALTER TABLE `save`
  ADD CONSTRAINT `FK_55663ADE8805AB2F` FOREIGN KEY (`annonce_id`) REFERENCES `annonces` (`id`),
  ADD CONSTRAINT `FK_55663ADEA76ED395` FOREIGN KEY (`user_id`) REFERENCES `users` (`id`);

--
-- Contraintes pour la table `signal_litige`
--
ALTER TABLE `signal_litige`
  ADD CONSTRAINT `FK_4D9A7BAA275ED078` FOREIGN KEY (`profil_id`) REFERENCES `users` (`id`),
  ADD CONSTRAINT `FK_4D9A7BAA67B3B43D` FOREIGN KEY (`users_id`) REFERENCES `users` (`id`);

--
-- Contraintes pour la table `sub_categories`
--
ALTER TABLE `sub_categories`
  ADD CONSTRAINT `FK_1638D5A512469DE2` FOREIGN KEY (`category_id`) REFERENCES `categories` (`id`);

--
-- Contraintes pour la table `users`
--
ALTER TABLE `users`
  ADD CONSTRAINT `FK_1483A5E9AEBAE514` FOREIGN KEY (`countries_id`) REFERENCES `countries` (`id`) ON DELETE CASCADE,
  ADD CONSTRAINT `FK_1483A5E9F6203804` FOREIGN KEY (`statut_id`) REFERENCES `statut` (`id`) ON DELETE CASCADE;
COMMIT;

